{"id":127,"date":"2019-09-21T13:37:54","date_gmt":"2019-09-21T11:37:54","guid":{"rendered":"http:\/\/www.biowink.com.vn\/?page_id=127"},"modified":"2019-09-21T16:37:06","modified_gmt":"2019-09-21T14:37:06","slug":"thong-tin-ve-cac-nhan-khac-nhau","status":"publish","type":"page","link":"https:\/\/www.biowink.com.vn\/index.php\/thong-tin-ve-cac-nhan-khac-nhau\/","title":{"rendered":"Th\u00f4ng tin v\u1ec1 c\u00e1c nh\u00e3n kh\u00e1c nhau"},"content":{"rendered":"\n<p>C\u00e1c s\u1ea3n ph\u1ea9m Biowink th\u01b0\u1eddng xuy\u00ean \u0111\u01b0\u1ee3c ki\u1ec3m tra b\u1edfi t\u1ed5 ch\u1ee9c cung c\u1ea5p cho h\u1ecd m\u1ed9t s\u1ed1 ch\u1ee9ng nh\u1eadn.<\/p>\n\n\n\n<h2> Cosmebio, Cosmosnatural v\u00e0 Cosmos Organic.  <\/h2>\n\n\n\n<p>\u0110\u1ec3 m\u1ed9t s\u1ea3n ph\u1ea9m m\u1ef9 ph\u1ea9m \u0111\u01b0\u1ee3c c\u00f4ng nh\u1eadn l\u00e0 &#8220;h\u1eefu c\u01a1&#8221;, n\u00f3 ph\u1ea3i tu\u00e2n th\u1ee7 c\u00e1c quy t\u1eafc. Vi\u1ec7c s\u1ea3n xu\u1ea5t, th\u00e0nh ph\u1ea7n v\u00e0 th\u1eed nghi\u1ec7m ph\u1ea3i tu\u00e2n th\u1ee7 c\u00e1c th\u00f4ng s\u1ed1 k\u1ef9 thu\u1eadt c\u1ee7a nh\u00e3n.<\/p>\n\n\n\n<p>\u0110i\u1ec1u l\u1ec7 nh\u00e3n Cosmebio \u00e1p \u0111\u1eb7t cho c\u00e1c th\u01b0\u01a1ng hi\u1ec7u m\u1ed9t t\u1ef7 l\u1ec7 95% th\u00e0nh ph\u1ea7n t\u1ef1 nhi\u00ean trong c\u00e1c s\u1ea3n ph\u1ea9m c\u1ee7a h\u1ecd.<\/p>\n\n\n\n<p>Ba nh\u00e3n c\u01a1 b\u1ea3n \u0111\u01b0\u1ee3c d\u1ef1a tr\u00ean t\u1ef7 l\u1ec7 n\u00e0y: Cosmebio, Cosmosnatural v\u00e0 Cosmos Organic.<\/p>\n\n\n\n<p>Nh\u00e3n Cosmosnatural ch\u1ec9 \u00e1p d\u1ee5ng 95% th\u00e0nh ph\u1ea7n t\u1ef1 nhi\u00ean n\u00e0y.<\/p>\n\n\n\n<figure class=\"wp-block-image\"><img loading=\"lazy\" width=\"451\" height=\"451\" src=\"http:\/\/www.biowink.com.vn\/wp-content\/uploads\/2019\/09\/cosmo-natural.png\" alt=\"\" class=\"wp-image-128\" srcset=\"https:\/\/www.biowink.com.vn\/wp-content\/uploads\/2019\/09\/cosmo-natural.png 451w, https:\/\/www.biowink.com.vn\/wp-content\/uploads\/2019\/09\/cosmo-natural-300x300.png 300w, https:\/\/www.biowink.com.vn\/wp-content\/uploads\/2019\/09\/cosmo-natural-150x150.png 150w, https:\/\/www.biowink.com.vn\/wp-content\/uploads\/2019\/09\/cosmo-natural-450x450.png 450w\" sizes=\"(max-width: 451px) 100vw, 451px\" \/><figcaption> Nh\u00e3n Cosmosnatural <\/figcaption><\/figure>\n\n\n\n<p>Ngh\u0129a v\u1ee5 n\u00e0y c\u1ee7a 95% th\u00e0nh ph\u1ea7n t\u1ef1 nhi\u00ean tr\u00ean t\u1ea5t c\u1ea3 c\u00e1c th\u00e0nh ph\u1ea7n th\u1ef1c v\u1eadt, th\u00eam v\u00e0o nh\u00e3n Cosmebio t\u1ed1i thi\u1ec3u 10% v\u00e0 cho nh\u00e3n Cosmos Organic v\u00f4 c\u01a1 20% th\u00e0nh ph\u1ea7n h\u1eefu c\u01a1 tr\u00ean t\u1ed5ng s\u1ea3n ph\u1ea9m.<\/p>\n\n\n\n<figure class=\"wp-block-image\"><img loading=\"lazy\" width=\"411\" height=\"411\" src=\"http:\/\/www.biowink.com.vn\/wp-content\/uploads\/2019\/09\/cosmebio.png\" alt=\"\" class=\"wp-image-129\" srcset=\"https:\/\/www.biowink.com.vn\/wp-content\/uploads\/2019\/09\/cosmebio.png 411w, https:\/\/www.biowink.com.vn\/wp-content\/uploads\/2019\/09\/cosmebio-300x300.png 300w, https:\/\/www.biowink.com.vn\/wp-content\/uploads\/2019\/09\/cosmebio-150x150.png 150w\" sizes=\"(max-width: 411px) 100vw, 411px\" \/><figcaption> Nh\u00e3n Cosmebio <\/figcaption><\/figure>\n\n\n\n<figure class=\"wp-block-image\"><img loading=\"lazy\" width=\"429\" height=\"429\" src=\"http:\/\/www.biowink.com.vn\/wp-content\/uploads\/2019\/09\/cosmo-org.png\" alt=\"\" class=\"wp-image-130\" srcset=\"https:\/\/www.biowink.com.vn\/wp-content\/uploads\/2019\/09\/cosmo-org.png 429w, https:\/\/www.biowink.com.vn\/wp-content\/uploads\/2019\/09\/cosmo-org-300x300.png 300w, https:\/\/www.biowink.com.vn\/wp-content\/uploads\/2019\/09\/cosmo-org-150x150.png 150w\" sizes=\"(max-width: 429px) 100vw, 429px\" \/><figcaption> Nh\u00e3n Cosmos Organic <\/figcaption><\/figure>\n\n\n\n<p>N\u00f3i chung, Cosmebio \u0111\u00e3 c\u1ea5m b\u1ea5t k\u1ef3 th\u00e0nh ph\u1ea7n g\u00e2y tranh c\u00e3i n\u00e0o (silicone, PEG, PPG, SLS, phenoxyetanol &#8230;) ho\u1eb7c c\u00e1c ch\u1ea5t g\u00e2y r\u1ed1i lo\u1ea1n n\u1ed9i ti\u1ebft ti\u1ec1m n\u0103ng.<\/p>\n\n\n\n<h2>Ecocert<\/h2>\n\n\n\n<p>ECOCERT l\u00e0 m\u1ed9t t\u1ed5 ch\u1ee9c ch\u1ee9ng nh\u1eadn h\u1eefu c\u01a1 c\u00f3 tr\u1ee5 s\u1edf t\u1ea1i ch\u00e2u \u00c2u nh\u01b0ng ti\u1ebfn h\u00e0nh ki\u1ec3m tra t\u1ea1i h\u01a1n 80 qu\u1ed1c gia. \u0110\u00e2y l\u00e0 m\u1ed9t trong nh\u1eefng t\u1ed5 ch\u1ee9c ch\u1ee9ng nh\u1eadn h\u1eefu c\u01a1 l\u1edbn nh\u1ea5t tr\u00ean th\u1ebf gi\u1edbi.<br> T\u1ed5 ch\u1ee9c n\u00e0y ki\u1ec3m tra kho\u1ea3ng 30% ng\u00e0nh c\u00f4ng nghi\u1ec7p th\u1ef1c ph\u1ea9m h\u1eefu c\u01a1 tr\u00ean to\u00e0n th\u1ebf gi\u1edbi. ECOCERT c\u0169ng l\u00e0 m\u1ed9t ch\u1ee9ng nh\u1eadn h\u00e0ng \u0111\u1ea7u v\u1ec1 m\u1ef9 ph\u1ea9m v\u00e0 d\u1ec7t may theo ti\u00eau chu\u1ea9n ECOCERT Fair Trade.<\/p>\n\n\n\n<figure class=\"wp-block-image\"><img loading=\"lazy\" width=\"90\" height=\"90\" src=\"http:\/\/www.biowink.com.vn\/wp-content\/uploads\/2019\/09\/Ecocert-logo.png\" alt=\"\" class=\"wp-image-133\"\/><figcaption>Nh\u1eadn Ecocert<\/figcaption><\/figure>\n\n\n\n<h2>Cruelty free <\/h2>\n\n\n\n<p>Cruelty-free l\u00e0 m\u1ed9t tuy\u00ean b\u1ed1 th\u01b0\u01a1ng hi\u1ec7u, r\u1eb1ng n\u00f3 s\u1ebd kh\u00f4ng ti\u1ebfn h\u00e0nh th\u1eed nghi\u1ec7m tr\u00ean \u0111\u1ed9ng v\u1eadt. C\u00e1c th\u1eed nghi\u1ec7m \u0111\u1ec3 \u0111\u1ea3m b\u1ea3o an to\u00e0n c\u1ee7a s\u1ea3n ph\u1ea9m cho ng\u01b0\u1eddi ti\u00eau d\u00f9ng kh\u00f4ng c\u00f2n y\u00eau c\u1ea7u s\u1eed d\u1ee5ng \u0111\u1ed9ng v\u1eadt. Nh\u1eefng ph\u01b0\u01a1ng ph\u00e1p n\u00e0y hi\u1ec7n \u0111\u00e3 l\u1ed7i th\u1eddi v\u00e0 ho\u00e0n to\u00e0n phi \u0111\u1ea1o \u0111\u1ee9c. M\u1ed9t s\u1ed1 l\u1ef1a ch\u1ecdn thay th\u1ebf \u0111\u00e3 thay th\u1ebf ch\u00fang.<br>\nM\u1ed9t th\u01b0\u01a1ng hi\u1ec7u \u0111\u01b0\u1ee3c coi l\u00e0 Kh\u00f4ng \u0111\u1ed9c \u00e1c khi \u0111\u00e1p \u1ee9ng ba ti\u00eau ch\u00ed sau:<\/p>\n\n\n\n<ul><li>S\u1ea3n ph\u1ea9m cu\u1ed1i c\u00f9ng kh\u00f4ng \u0111\u01b0\u1ee3c th\u1eed nghi\u1ec7m tr\u00ean \u0111\u1ed9ng v\u1eadt<\/li><li>C\u00e1c v\u1eadt li\u1ec7u \u0111\u01b0\u1ee3c s\u1eed d\u1ee5ng kh\u00f4ng \u0111\u01b0\u1ee3c th\u1eed nghi\u1ec7m tr\u00ean \u0111\u1ed9ng v\u1eadt.<\/li><li>Kh\u00f4ng c\u00f3 b\u00ean th\u1ee9 ba \u0111\u00e3 ti\u1ebfn h\u00e0nh th\u1eed nghi\u1ec7m \u0111\u1ed9ng v\u1eadt thay m\u1eb7t cho c\u00f4ng ty.<\/li><\/ul>\n","protected":false},"excerpt":{"rendered":"<p>C\u00e1c s\u1ea3n ph\u1ea9m Biowink th\u01b0\u1eddng xuy\u00ean \u0111\u01b0\u1ee3c ki\u1ec3m tra b\u1edfi t\u1ed5 ch\u1ee9c cung c\u1ea5p cho h\u1ecd m\u1ed9t s\u1ed1 ch\u1ee9ng nh\u1eadn. Cosmebio, Cosmosnatural v\u00e0 Cosmos Organic. \u0110\u1ec3 m\u1ed9t s\u1ea3n ph\u1ea9m m\u1ef9 ph\u1ea9m \u0111\u01b0\u1ee3c c\u00f4ng nh\u1eadn l\u00e0 &#8220;h\u1eefu c\u01a1&#8221;, n\u00f3 ph\u1ea3i tu\u00e2n th\u1ee7 c\u00e1c quy t\u1eafc. Vi\u1ec7c s\u1ea3n xu\u1ea5t, th\u00e0nh ph\u1ea7n v\u00e0 th\u1eed nghi\u1ec7m ph\u1ea3i tu\u00e2n th\u1ee7 &hellip; <\/p>\n","protected":false},"author":1,"featured_media":0,"parent":0,"menu_order":0,"comment_status":"closed","ping_status":"closed","template":"","meta":[],"yoast_head":"<!-- This site is optimized with the Yoast SEO plugin v15.5 - https:\/\/yoast.com\/wordpress\/plugins\/seo\/ -->\n<title>Th\u00f4ng tin v\u1ec1 c\u00e1c nh\u00e3n kh\u00e1c nhau - Bio Wink Vietnam<\/title>\n<meta name=\"description\" content=\"Th\u00f4ng tin v\u1ec1 c\u00e1c nh\u00e3n kh\u00e1c nhau. C\u00e1c s\u1ea3n ph\u1ea9m Biowink th\u01b0\u1eddng xuy\u00ean \u0111\u01b0\u1ee3c ki\u1ec3m tra b\u1edfi t\u1ed5 ch\u1ee9c cung c\u1ea5p cho h\u1ecd m\u1ed9t s\u1ed1 ch\u1ee9ng nh\u1eadn.\" \/>\n<meta name=\"robots\" content=\"index, follow, max-snippet:-1, max-image-preview:large, max-video-preview:-1\" \/>\n<link rel=\"canonical\" href=\"https:\/\/www.biowink.com.vn\/index.php\/thong-tin-ve-cac-nhan-khac-nhau\/\" \/>\n<meta property=\"og:locale\" content=\"en_GB\" \/>\n<meta property=\"og:type\" content=\"article\" \/>\n<meta property=\"og:title\" content=\"Th\u00f4ng tin v\u1ec1 c\u00e1c nh\u00e3n kh\u00e1c nhau - Bio Wink Vietnam\" \/>\n<meta property=\"og:description\" content=\"Th\u00f4ng tin v\u1ec1 c\u00e1c nh\u00e3n kh\u00e1c nhau. C\u00e1c s\u1ea3n ph\u1ea9m Biowink th\u01b0\u1eddng xuy\u00ean \u0111\u01b0\u1ee3c ki\u1ec3m tra b\u1edfi t\u1ed5 ch\u1ee9c cung c\u1ea5p cho h\u1ecd m\u1ed9t s\u1ed1 ch\u1ee9ng nh\u1eadn.\" \/>\n<meta property=\"og:url\" content=\"https:\/\/www.biowink.com.vn\/index.php\/thong-tin-ve-cac-nhan-khac-nhau\/\" \/>\n<meta property=\"og:site_name\" content=\"Bio Wink Vietnam\" \/>\n<meta property=\"article:publisher\" content=\"https:\/\/www.facebook.com\/biowinkvn\/\" \/>\n<meta property=\"article:modified_time\" content=\"2019-09-21T14:37:06+00:00\" \/>\n<meta property=\"og:image\" content=\"http:\/\/www.biowink.com.vn\/wp-content\/uploads\/2019\/09\/cosmo-natural.png\" \/>\n<meta name=\"twitter:card\" content=\"summary_large_image\" \/>\n<meta name=\"twitter:label1\" content=\"Estimated reading time\">\n\t<meta name=\"twitter:data1\" content=\"2 minutes\">\n<script type=\"application\/ld+json\" class=\"yoast-schema-graph\">{\"@context\":\"https:\/\/schema.org\",\"@graph\":[{\"@type\":\"Organization\",\"@id\":\"https:\/\/www.biowink.com.vn\/#organization\",\"name\":\"Bio Wink Vi\\u1ec7t Nam\",\"url\":\"https:\/\/www.biowink.com.vn\/\",\"sameAs\":[\"https:\/\/www.facebook.com\/biowinkvn\/\",\"https:\/\/www.instagram.com\/biowinkinvietnam\"],\"logo\":{\"@type\":\"ImageObject\",\"@id\":\"https:\/\/www.biowink.com.vn\/#logo\",\"inLanguage\":\"en-GB\",\"url\":\"https:\/\/www.biowink.com.vn\/wp-content\/uploads\/2019\/10\/logo-biowink-VN-KR.jpg\",\"width\":1600,\"height\":1600,\"caption\":\"Bio Wink Vi\\u1ec7t Nam\"},\"image\":{\"@id\":\"https:\/\/www.biowink.com.vn\/#logo\"}},{\"@type\":\"WebSite\",\"@id\":\"https:\/\/www.biowink.com.vn\/#website\",\"url\":\"https:\/\/www.biowink.com.vn\/\",\"name\":\"Bio Wink Vietnam\",\"description\":\"\",\"publisher\":{\"@id\":\"https:\/\/www.biowink.com.vn\/#organization\"},\"potentialAction\":[{\"@type\":\"SearchAction\",\"target\":\"https:\/\/www.biowink.com.vn\/?s={search_term_string}\",\"query-input\":\"required name=search_term_string\"}],\"inLanguage\":\"en-GB\"},{\"@type\":\"ImageObject\",\"@id\":\"https:\/\/www.biowink.com.vn\/index.php\/thong-tin-ve-cac-nhan-khac-nhau\/#primaryimage\",\"inLanguage\":\"en-GB\",\"url\":\"http:\/\/www.biowink.com.vn\/wp-content\/uploads\/2019\/09\/cosmo-natural.png\"},{\"@type\":\"WebPage\",\"@id\":\"https:\/\/www.biowink.com.vn\/index.php\/thong-tin-ve-cac-nhan-khac-nhau\/#webpage\",\"url\":\"https:\/\/www.biowink.com.vn\/index.php\/thong-tin-ve-cac-nhan-khac-nhau\/\",\"name\":\"Th\\u00f4ng tin v\\u1ec1 c\\u00e1c nh\\u00e3n kh\\u00e1c nhau - Bio Wink Vietnam\",\"isPartOf\":{\"@id\":\"https:\/\/www.biowink.com.vn\/#website\"},\"primaryImageOfPage\":{\"@id\":\"https:\/\/www.biowink.com.vn\/index.php\/thong-tin-ve-cac-nhan-khac-nhau\/#primaryimage\"},\"datePublished\":\"2019-09-21T11:37:54+00:00\",\"dateModified\":\"2019-09-21T14:37:06+00:00\",\"description\":\"Th\\u00f4ng tin v\\u1ec1 c\\u00e1c nh\\u00e3n kh\\u00e1c nhau. C\\u00e1c s\\u1ea3n ph\\u1ea9m Biowink th\\u01b0\\u1eddng xuy\\u00ean \\u0111\\u01b0\\u1ee3c ki\\u1ec3m tra b\\u1edfi t\\u1ed5 ch\\u1ee9c cung c\\u1ea5p cho h\\u1ecd m\\u1ed9t s\\u1ed1 ch\\u1ee9ng nh\\u1eadn.\",\"inLanguage\":\"en-GB\",\"potentialAction\":[{\"@type\":\"ReadAction\",\"target\":[\"https:\/\/www.biowink.com.vn\/index.php\/thong-tin-ve-cac-nhan-khac-nhau\/\"]}]}]}<\/script>\n<!-- \/ Yoast SEO plugin. -->","_links":{"self":[{"href":"https:\/\/www.biowink.com.vn\/index.php\/wp-json\/wp\/v2\/pages\/127"}],"collection":[{"href":"https:\/\/www.biowink.com.vn\/index.php\/wp-json\/wp\/v2\/pages"}],"about":[{"href":"https:\/\/www.biowink.com.vn\/index.php\/wp-json\/wp\/v2\/types\/page"}],"author":[{"embeddable":true,"href":"https:\/\/www.biowink.com.vn\/index.php\/wp-json\/wp\/v2\/users\/1"}],"replies":[{"embeddable":true,"href":"https:\/\/www.biowink.com.vn\/index.php\/wp-json\/wp\/v2\/comments?post=127"}],"version-history":[{"count":2,"href":"https:\/\/www.biowink.com.vn\/index.php\/wp-json\/wp\/v2\/pages\/127\/revisions"}],"predecessor-version":[{"id":134,"href":"https:\/\/www.biowink.com.vn\/index.php\/wp-json\/wp\/v2\/pages\/127\/revisions\/134"}],"wp:attachment":[{"href":"https:\/\/www.biowink.com.vn\/index.php\/wp-json\/wp\/v2\/media?parent=127"}],"curies":[{"name":"wp","href":"https:\/\/api.w.org\/{rel}","templated":true}]}}