{"id":13418,"date":"2020-10-03T08:59:36","date_gmt":"2020-10-03T06:59:36","guid":{"rendered":"http:\/\/www.biowink.com.vn\/?post_type=product&#038;p=13418"},"modified":"2020-10-05T04:35:35","modified_gmt":"2020-10-05T02:35:35","slug":"dau-goi-diu-nhe-khong-lam-cay-mat","status":"publish","type":"product","link":"https:\/\/www.biowink.com.vn\/index.php\/produit\/dau-goi-diu-nhe-khong-lam-cay-mat\/","title":{"rendered":"D\u1ea7u g\u1ed9i d\u1ecbu nh\u1eb9 kh\u00f4ng l\u00e0m cay m\u1eaft"},"content":{"rendered":"<p>v\u1edbi chi\u1ebft xu\u1ea5t kim ch\u1ea9n th\u1ea3o h\u1eefu c\u01a1<\/p>\n<p>D\u1ea7u g\u1ed9i d\u1ecbu nh\u1eb9 kh\u00f4ng l\u00e0m cay m\u1eaft t\u1eeb d\u00f2ng s\u1ea3n ph\u1ea9m Le Petit Prince, \u0111\u01b0\u1ee3c \u0111\u1eb7c ch\u1ebf \u0111\u1ec3 nh\u1eb9 nh\u00e0ng l\u00e0m s\u1ea1ch t\u00f3c v\u00e0 da \u0111\u1ea7u m\u00e0 kh\u00f4ng g\u00e2y k\u00edch \u1ee9ng cho l\u00e0n da nh\u1ea1y c\u1ea3m c\u1ee7a tr\u1ebb.<\/p>\n<p>S\u1ea3n ph\u1ea9m s\u1eed d\u1ee5ng c\u00e1c th\u00e0nh ph\u1ea7n l\u00e0m s\u1ea1ch d\u1ecbu nh\u1eb9 v\u00e0 nguy\u00ean li\u1ec7u \u0111\u01b0\u1ee3c ch\u1ecdn l\u1ecdc theo ti\u00eau chu\u1ea9n Cosmos Organic, d\u1ed3i d\u00e0o c\u00e1c th\u00e0nh ph\u1ea7n l\u00e0m m\u1ec1m v\u00e0 d\u01b0\u1ee1ng \u1ea9m, gi\u00fap duy tr\u00ec s\u1ef1 c\u00e2n b\u1eb1ng m\u1ecfng manh c\u1ee7a da \u0111\u1ea7u tr\u1ebb nh\u1ecf trong khi gi\u1eef cho t\u00f3c s\u1ea1ch v\u00e0 m\u1ec1m m\u1ea1i.<\/p>\n<h4>H\u01af\u1edaNG D\u1eaaN S\u1eec D\u1ee4NG:<\/h4>\n<p>Thoa m\u1ed9t l\u01b0\u1ee3ng nh\u1ecf d\u1ea7u g\u1ed9i l\u00ean t\u00f3c \u01b0\u1edbt v\u00e0 massage nh\u1eb9 nh\u00e0ng. G\u1ed9i s\u1ea1ch l\u1ea1i c\u1ea9n th\u1eadn v\u1edbi n\u01b0\u1edbc.<\/p>\n","protected":false},"excerpt":{"rendered":"<p>v\u1edbi chi\u1ebft xu\u1ea5t kim ch\u1ea9n th\u1ea3o h\u1eefu c\u01a1 D\u1ea7u g\u1ed9i d\u1ecbu nh\u1eb9 kh\u00f4ng l\u00e0m cay m\u1eaft t\u1eeb d\u00f2ng s\u1ea3n ph\u1ea9m Le Petit Prince, \u0111\u01b0\u1ee3c \u0111\u1eb7c ch\u1ebf \u0111\u1ec3 nh\u1eb9 nh\u00e0ng l\u00e0m s\u1ea1ch t\u00f3c v\u00e0 da \u0111\u1ea7u m\u00e0 kh\u00f4ng g\u00e2y k\u00edch \u1ee9ng cho l\u00e0n da nh\u1ea1y c\u1ea3m c\u1ee7a tr\u1ebb. S\u1ea3n ph\u1ea9m s\u1eed d\u1ee5ng c\u00e1c th\u00e0nh ph\u1ea7n l\u00e0m &hellip; <\/p>\n","protected":false},"featured_media":13421,"comment_status":"open","ping_status":"closed","template":"","meta":[],"brands":[],"yoast_head":"<!-- This site is optimized with the Yoast SEO plugin v15.5 - https:\/\/yoast.com\/wordpress\/plugins\/seo\/ -->\n<title>D\u1ea7u g\u1ed9i d\u1ecbu nh\u1eb9 kh\u00f4ng l\u00e0m cay m\u1eaft - Bio Wink Vietnam<\/title>\n<meta name=\"robots\" content=\"index, follow, max-snippet:-1, max-image-preview:large, max-video-preview:-1\" \/>\n<link rel=\"canonical\" href=\"https:\/\/www.biowink.com.vn\/index.php\/produit\/dau-goi-diu-nhe-khong-lam-cay-mat\/\" \/>\n<meta property=\"og:locale\" content=\"en_GB\" \/>\n<meta property=\"og:type\" content=\"article\" \/>\n<meta property=\"og:title\" content=\"D\u1ea7u g\u1ed9i d\u1ecbu nh\u1eb9 kh\u00f4ng l\u00e0m cay m\u1eaft - Bio Wink Vietnam\" \/>\n<meta property=\"og:description\" content=\"v\u1edbi chi\u1ebft xu\u1ea5t kim ch\u1ea9n th\u1ea3o h\u1eefu c\u01a1 D\u1ea7u g\u1ed9i d\u1ecbu nh\u1eb9 kh\u00f4ng l\u00e0m cay m\u1eaft t\u1eeb d\u00f2ng s\u1ea3n ph\u1ea9m Le Petit Prince, \u0111\u01b0\u1ee3c \u0111\u1eb7c ch\u1ebf \u0111\u1ec3 nh\u1eb9 nh\u00e0ng l\u00e0m s\u1ea1ch t\u00f3c v\u00e0 da \u0111\u1ea7u m\u00e0 kh\u00f4ng g\u00e2y k\u00edch \u1ee9ng cho l\u00e0n da nh\u1ea1y c\u1ea3m c\u1ee7a tr\u1ebb. S\u1ea3n ph\u1ea9m s\u1eed d\u1ee5ng c\u00e1c th\u00e0nh ph\u1ea7n l\u00e0m &hellip;\" \/>\n<meta property=\"og:url\" content=\"https:\/\/www.biowink.com.vn\/index.php\/produit\/dau-goi-diu-nhe-khong-lam-cay-mat\/\" \/>\n<meta property=\"og:site_name\" content=\"Bio Wink Vietnam\" \/>\n<meta property=\"article:publisher\" content=\"https:\/\/www.facebook.com\/biowinkvn\/\" \/>\n<meta property=\"article:modified_time\" content=\"2020-10-05T02:35:35+00:00\" \/>\n<meta property=\"og:image\" content=\"https:\/\/www.biowink.com.vn\/wp-content\/uploads\/2020\/10\/1000x1000_lepetitprince_shampoing-cal.png\" \/>\n\t<meta property=\"og:image:width\" content=\"1000\" \/>\n\t<meta property=\"og:image:height\" content=\"1000\" \/>\n<meta name=\"twitter:card\" content=\"summary_large_image\" \/>\n<meta name=\"twitter:label1\" content=\"Estimated reading time\">\n\t<meta name=\"twitter:data1\" content=\"1 minute\">\n<script type=\"application\/ld+json\" class=\"yoast-schema-graph\">{\"@context\":\"https:\/\/schema.org\",\"@graph\":[{\"@type\":\"Organization\",\"@id\":\"https:\/\/www.biowink.com.vn\/#organization\",\"name\":\"Bio Wink Vi\\u1ec7t Nam\",\"url\":\"https:\/\/www.biowink.com.vn\/\",\"sameAs\":[\"https:\/\/www.facebook.com\/biowinkvn\/\",\"https:\/\/www.instagram.com\/biowinkinvietnam\"],\"logo\":{\"@type\":\"ImageObject\",\"@id\":\"https:\/\/www.biowink.com.vn\/#logo\",\"inLanguage\":\"en-GB\",\"url\":\"https:\/\/www.biowink.com.vn\/wp-content\/uploads\/2019\/10\/logo-biowink-VN-KR.jpg\",\"width\":1600,\"height\":1600,\"caption\":\"Bio Wink Vi\\u1ec7t Nam\"},\"image\":{\"@id\":\"https:\/\/www.biowink.com.vn\/#logo\"}},{\"@type\":\"WebSite\",\"@id\":\"https:\/\/www.biowink.com.vn\/#website\",\"url\":\"https:\/\/www.biowink.com.vn\/\",\"name\":\"Bio Wink Vietnam\",\"description\":\"\",\"publisher\":{\"@id\":\"https:\/\/www.biowink.com.vn\/#organization\"},\"potentialAction\":[{\"@type\":\"SearchAction\",\"target\":\"https:\/\/www.biowink.com.vn\/?s={search_term_string}\",\"query-input\":\"required name=search_term_string\"}],\"inLanguage\":\"en-GB\"},{\"@type\":\"ImageObject\",\"@id\":\"https:\/\/www.biowink.com.vn\/index.php\/produit\/dau-goi-diu-nhe-khong-lam-cay-mat\/#primaryimage\",\"inLanguage\":\"en-GB\",\"url\":\"https:\/\/www.biowink.com.vn\/wp-content\/uploads\/2020\/10\/1000x1000_lepetitprince_shampoing-cal.png\",\"width\":1000,\"height\":1000},{\"@type\":\"WebPage\",\"@id\":\"https:\/\/www.biowink.com.vn\/index.php\/produit\/dau-goi-diu-nhe-khong-lam-cay-mat\/#webpage\",\"url\":\"https:\/\/www.biowink.com.vn\/index.php\/produit\/dau-goi-diu-nhe-khong-lam-cay-mat\/\",\"name\":\"D\\u1ea7u g\\u1ed9i d\\u1ecbu nh\\u1eb9 kh\\u00f4ng l\\u00e0m cay m\\u1eaft - Bio Wink Vietnam\",\"isPartOf\":{\"@id\":\"https:\/\/www.biowink.com.vn\/#website\"},\"primaryImageOfPage\":{\"@id\":\"https:\/\/www.biowink.com.vn\/index.php\/produit\/dau-goi-diu-nhe-khong-lam-cay-mat\/#primaryimage\"},\"datePublished\":\"2020-10-03T06:59:36+00:00\",\"dateModified\":\"2020-10-05T02:35:35+00:00\",\"inLanguage\":\"en-GB\",\"potentialAction\":[{\"@type\":\"ReadAction\",\"target\":[\"https:\/\/www.biowink.com.vn\/index.php\/produit\/dau-goi-diu-nhe-khong-lam-cay-mat\/\"]}]}]}<\/script>\n<!-- \/ Yoast SEO plugin. -->","_links":{"self":[{"href":"https:\/\/www.biowink.com.vn\/index.php\/wp-json\/wp\/v2\/product\/13418"}],"collection":[{"href":"https:\/\/www.biowink.com.vn\/index.php\/wp-json\/wp\/v2\/product"}],"about":[{"href":"https:\/\/www.biowink.com.vn\/index.php\/wp-json\/wp\/v2\/types\/product"}],"replies":[{"embeddable":true,"href":"https:\/\/www.biowink.com.vn\/index.php\/wp-json\/wp\/v2\/comments?post=13418"}],"wp:featuredmedia":[{"embeddable":true,"href":"https:\/\/www.biowink.com.vn\/index.php\/wp-json\/wp\/v2\/media\/13421"}],"wp:attachment":[{"href":"https:\/\/www.biowink.com.vn\/index.php\/wp-json\/wp\/v2\/media?parent=13418"}],"curies":[{"name":"wp","href":"https:\/\/api.w.org\/{rel}","templated":true}]}}