{"id":13430,"date":"2020-10-03T10:21:03","date_gmt":"2020-10-03T08:21:03","guid":{"rendered":"http:\/\/www.biowink.com.vn\/?post_type=product&#038;p=13430"},"modified":"2020-10-05T04:46:19","modified_gmt":"2020-10-05T02:46:19","slug":"marisha-ua-serum-gel-huyet-thanh-marisha-ua","status":"publish","type":"product","link":"https:\/\/www.biowink.com.vn\/index.php\/produit\/marisha-ua-serum-gel-huyet-thanh-marisha-ua\/","title":{"rendered":"MARISHA UA SERUM Gel huy\u1ebft thanh MARISHA UA"},"content":{"rendered":"<p>C\u00f4ng th\u1ee9c huy\u1ebft thanh d\u1ea1ng gel, gi\u00fap nh\u1eb9 nh\u00e0ng k\u00edch th\u00edch v\u00f9ng da d\u01b0\u1edbi c\u00e1nh tay, gi\u1ea3m v\u1ebft th\u00e2m v\u00e0 gi\u00fap l\u00e0n da r\u1ea1ng r\u1ee1. Khi s\u1eed d\u1ee5ng li\u00ean t\u1ee5c, s\u1ea3n ph\u1ea9m gi\u00fap se kh\u00edt l\u1ed7 ch\u00e2n l\u00f4ng d\u01b0\u1edbi c\u00e1nh tay \u0111\u1ec3 gi\u1ea3m m\u1ed3 h\u00f4i v\u00e0 m\u00f9i c\u01a1 th\u1ec3. H\u01af\u1edaNG D\u1eaaN S\u1eec D\u1ee4NG: Nh\u1ea5n 1-2 l\u1ea7n \u0111\u1ec3 l\u1ea5y gel thoa \u0111\u1ec1u l\u00ean v\u00f9ng da d\u01b0\u1edbi c\u00e1nh tay m\u1ed9t c\u00e1ch th\u01b0\u1eddng xuy\u00ean. S\u1eed d\u1ee5ng s\u00e1ng v\u00e0 t\u1ed1i sau khi t\u1eafm.<\/p>\n<p>&nbsp;<\/p>\n<p>TH\u00c0NH PH\u1ea6N HO\u1ea0T T\u00cdNH &#8211;<\/p>\n<p>Biosaccharide Gum, chi\u1ebft xu\u1ea5t t\u1eeb Rambnose t\u1eeb Ph\u00e1p, gi\u00fap gi\u1ea3m k\u00edch \u1ee9ng, ph\u1ee5c h\u1ed3i, gi\u1ea3m m\u1ea9n \u0111\u1ecf v\u00e0 d\u01b0\u1ee1ng \u1ea9m cho da. -Bisabolol, chi\u1ebft xu\u1ea5t t\u1eeb c\u00e2y Brazilian, gi\u00fap t\u0103ng c\u01b0\u1eddng \u0111\u1ed9 \u1ea9m, gi\u1ea3m k\u00edch \u1ee9ng v\u00e0 gi\u1ea3m vi\u00eam da. -Palmaria Palmata chi\u1ebft xu\u1ea5t t\u1eeb t\u1ea3o \u0111\u1ecf t\u1eeb Ph\u00e1p, gi\u00fap gi\u1ea3m s\u1eafc t\u1ed1 v\u00e0 c\u00e1c v\u1ebft th\u00e2m n\u00e1m, \u0111i\u1ec1u ch\u1ec9nh tr\u1ea1ng th\u00e1i da tr\u1edf n\u00ean tr\u1eafng s\u00e1ng r\u00f5 r\u1ec7t -D\u1ea7u l\u00e1 Rosmarinus Officinalis, chi\u1ebft xu\u1ea5t t\u1eeb c\u00e2y H\u01b0\u01a1ng th\u1ea3o gi\u00fap ng\u0103n ng\u1eeba vi khu\u1ea9n v\u00e0 ch\u1ed1ng l\u1ea1i c\u00e1c g\u1ed1c t\u1ef1 do -D\u1ea7u v\u1ecf Citrus Paradisi, chi\u1ebft xu\u1ea5t t\u1eeb b\u01b0\u1edfi gi\u00fap ng\u0103n ng\u1eeba vi khu\u1ea9n v\u00e0 mang l\u1ea1i h\u01b0\u01a1ng th\u01a1m tinh d\u1ea7u -Opuntia Ficusindica, chi\u1ebft xu\u1ea5t t\u1eeb hoa x\u01b0\u01a1ng r\u1ed3ng, k\u00edch th\u00edch t\u00e1i t\u1ea1o t\u1ebf b\u00e0o m\u1edbi, d\u01b0\u1ee1ng \u1ea9m, l\u00e0m m\u1ecbn v\u00e0 gi\u1ea3m n\u1ebfp nh\u0103n -Sodium Hyaluronate Hyaluronan gi\u1eef l\u1ea1i v\u00e0 b\u1ed5 sung \u0111\u1ed9 \u1ea9m cho da, tr\u00ec ho\u00e3n h\u00ecnh tr\u1ea1ng l\u00e3o h\u00f3a s\u1edbm<\/p>\n","protected":false},"excerpt":{"rendered":"<p>C\u00f4ng th\u1ee9c huy\u1ebft thanh d\u1ea1ng gel, gi\u00fap nh\u1eb9 nh\u00e0ng k\u00edch th\u00edch v\u00f9ng da d\u01b0\u1edbi c\u00e1nh tay, gi\u1ea3m v\u1ebft th\u00e2m v\u00e0 gi\u00fap l\u00e0n da r\u1ea1ng r\u1ee1. Khi s\u1eed d\u1ee5ng li\u00ean t\u1ee5c, s\u1ea3n ph\u1ea9m gi\u00fap se kh\u00edt l\u1ed7 ch\u00e2n l\u00f4ng d\u01b0\u1edbi c\u00e1nh tay \u0111\u1ec3 gi\u1ea3m m\u1ed3 h\u00f4i v\u00e0 m\u00f9i c\u01a1 th\u1ec3. H\u01af\u1edaNG D\u1eaaN S\u1eec D\u1ee4NG: Nh\u1ea5n 1-2 &hellip; <\/p>\n","protected":false},"featured_media":13429,"comment_status":"open","ping_status":"closed","template":"","meta":[],"brands":[],"yoast_head":"<!-- This site is optimized with the Yoast SEO plugin v15.5 - https:\/\/yoast.com\/wordpress\/plugins\/seo\/ -->\n<title>MARISHA UA SERUM Gel huy\u1ebft thanh MARISHA UA - Bio Wink Vietnam<\/title>\n<meta name=\"robots\" content=\"index, follow, max-snippet:-1, max-image-preview:large, max-video-preview:-1\" \/>\n<link rel=\"canonical\" href=\"https:\/\/www.biowink.com.vn\/index.php\/produit\/marisha-ua-serum-gel-huyet-thanh-marisha-ua\/\" \/>\n<meta property=\"og:locale\" content=\"en_GB\" \/>\n<meta property=\"og:type\" content=\"article\" \/>\n<meta property=\"og:title\" content=\"MARISHA UA SERUM Gel huy\u1ebft thanh MARISHA UA - Bio Wink Vietnam\" \/>\n<meta property=\"og:description\" content=\"C\u00f4ng th\u1ee9c huy\u1ebft thanh d\u1ea1ng gel, gi\u00fap nh\u1eb9 nh\u00e0ng k\u00edch th\u00edch v\u00f9ng da d\u01b0\u1edbi c\u00e1nh tay, gi\u1ea3m v\u1ebft th\u00e2m v\u00e0 gi\u00fap l\u00e0n da r\u1ea1ng r\u1ee1. Khi s\u1eed d\u1ee5ng li\u00ean t\u1ee5c, s\u1ea3n ph\u1ea9m gi\u00fap se kh\u00edt l\u1ed7 ch\u00e2n l\u00f4ng d\u01b0\u1edbi c\u00e1nh tay \u0111\u1ec3 gi\u1ea3m m\u1ed3 h\u00f4i v\u00e0 m\u00f9i c\u01a1 th\u1ec3. H\u01af\u1edaNG D\u1eaaN S\u1eec D\u1ee4NG: Nh\u1ea5n 1-2 &hellip;\" \/>\n<meta property=\"og:url\" content=\"https:\/\/www.biowink.com.vn\/index.php\/produit\/marisha-ua-serum-gel-huyet-thanh-marisha-ua\/\" \/>\n<meta property=\"og:site_name\" content=\"Bio Wink Vietnam\" \/>\n<meta property=\"article:publisher\" content=\"https:\/\/www.facebook.com\/biowinkvn\/\" \/>\n<meta property=\"article:modified_time\" content=\"2020-10-05T02:46:19+00:00\" \/>\n<meta property=\"og:image\" content=\"https:\/\/www.biowink.com.vn\/wp-content\/uploads\/2020\/10\/Image1.png\" \/>\n\t<meta property=\"og:image:width\" content=\"289\" \/>\n\t<meta property=\"og:image:height\" content=\"428\" \/>\n<meta name=\"twitter:card\" content=\"summary_large_image\" \/>\n<meta name=\"twitter:label1\" content=\"Estimated reading time\">\n\t<meta name=\"twitter:data1\" content=\"1 minute\">\n<script type=\"application\/ld+json\" class=\"yoast-schema-graph\">{\"@context\":\"https:\/\/schema.org\",\"@graph\":[{\"@type\":\"Organization\",\"@id\":\"https:\/\/www.biowink.com.vn\/#organization\",\"name\":\"Bio Wink Vi\\u1ec7t Nam\",\"url\":\"https:\/\/www.biowink.com.vn\/\",\"sameAs\":[\"https:\/\/www.facebook.com\/biowinkvn\/\",\"https:\/\/www.instagram.com\/biowinkinvietnam\"],\"logo\":{\"@type\":\"ImageObject\",\"@id\":\"https:\/\/www.biowink.com.vn\/#logo\",\"inLanguage\":\"en-GB\",\"url\":\"https:\/\/www.biowink.com.vn\/wp-content\/uploads\/2019\/10\/logo-biowink-VN-KR.jpg\",\"width\":1600,\"height\":1600,\"caption\":\"Bio Wink Vi\\u1ec7t Nam\"},\"image\":{\"@id\":\"https:\/\/www.biowink.com.vn\/#logo\"}},{\"@type\":\"WebSite\",\"@id\":\"https:\/\/www.biowink.com.vn\/#website\",\"url\":\"https:\/\/www.biowink.com.vn\/\",\"name\":\"Bio Wink Vietnam\",\"description\":\"\",\"publisher\":{\"@id\":\"https:\/\/www.biowink.com.vn\/#organization\"},\"potentialAction\":[{\"@type\":\"SearchAction\",\"target\":\"https:\/\/www.biowink.com.vn\/?s={search_term_string}\",\"query-input\":\"required name=search_term_string\"}],\"inLanguage\":\"en-GB\"},{\"@type\":\"ImageObject\",\"@id\":\"https:\/\/www.biowink.com.vn\/index.php\/produit\/marisha-ua-serum-gel-huyet-thanh-marisha-ua\/#primaryimage\",\"inLanguage\":\"en-GB\",\"url\":\"https:\/\/www.biowink.com.vn\/wp-content\/uploads\/2020\/10\/Image1.png\",\"width\":289,\"height\":428},{\"@type\":\"WebPage\",\"@id\":\"https:\/\/www.biowink.com.vn\/index.php\/produit\/marisha-ua-serum-gel-huyet-thanh-marisha-ua\/#webpage\",\"url\":\"https:\/\/www.biowink.com.vn\/index.php\/produit\/marisha-ua-serum-gel-huyet-thanh-marisha-ua\/\",\"name\":\"MARISHA UA SERUM Gel huy\\u1ebft thanh MARISHA UA - Bio Wink Vietnam\",\"isPartOf\":{\"@id\":\"https:\/\/www.biowink.com.vn\/#website\"},\"primaryImageOfPage\":{\"@id\":\"https:\/\/www.biowink.com.vn\/index.php\/produit\/marisha-ua-serum-gel-huyet-thanh-marisha-ua\/#primaryimage\"},\"datePublished\":\"2020-10-03T08:21:03+00:00\",\"dateModified\":\"2020-10-05T02:46:19+00:00\",\"inLanguage\":\"en-GB\",\"potentialAction\":[{\"@type\":\"ReadAction\",\"target\":[\"https:\/\/www.biowink.com.vn\/index.php\/produit\/marisha-ua-serum-gel-huyet-thanh-marisha-ua\/\"]}]}]}<\/script>\n<!-- \/ Yoast SEO plugin. -->","_links":{"self":[{"href":"https:\/\/www.biowink.com.vn\/index.php\/wp-json\/wp\/v2\/product\/13430"}],"collection":[{"href":"https:\/\/www.biowink.com.vn\/index.php\/wp-json\/wp\/v2\/product"}],"about":[{"href":"https:\/\/www.biowink.com.vn\/index.php\/wp-json\/wp\/v2\/types\/product"}],"replies":[{"embeddable":true,"href":"https:\/\/www.biowink.com.vn\/index.php\/wp-json\/wp\/v2\/comments?post=13430"}],"wp:featuredmedia":[{"embeddable":true,"href":"https:\/\/www.biowink.com.vn\/index.php\/wp-json\/wp\/v2\/media\/13429"}],"wp:attachment":[{"href":"https:\/\/www.biowink.com.vn\/index.php\/wp-json\/wp\/v2\/media?parent=13430"}],"curies":[{"name":"wp","href":"https:\/\/api.w.org\/{rel}","templated":true}]}}