{"id":2172,"date":"1970-01-01T00:00:00","date_gmt":"1969-12-31T23:00:00","guid":{"rendered":"http:\/\/www.biowink.com.vn\/?post_type=product&#038;p=2158"},"modified":"2020-02-22T09:52:58","modified_gmt":"2020-02-22T08:52:58","slug":"kem-ngay-va-den","status":"publish","type":"product","link":"https:\/\/www.biowink.com.vn\/index.php\/produit\/kem-ngay-va-den\/","title":{"rendered":"Kem ngay va den"},"content":{"rendered":"<p>Kem d\u01b0\u1ee1ng da ch\u1ed1ng l\u00e3o h\u00f3a v\u00e0 d\u01b0\u1ee1ng \u1ea9m. D\u00e0nh cho da kh\u00f4 v\u00e0 tr\u01b0\u1edfng th\u00e0nh.<\/p>\n","protected":false},"excerpt":{"rendered":"<p>Kem d\u01b0\u1ee1ng da ch\u1ed1ng l\u00e3o h\u00f3a v\u00e0 d\u01b0\u1ee1ng \u1ea9m. D\u00e0nh cho da kh\u00f4 v\u00e0 tr\u01b0\u1edfng th\u00e0nh.<\/p>\n","protected":false},"featured_media":2573,"comment_status":"open","ping_status":"closed","template":"","meta":[],"brands":[{"id":35,"name":"Guerande","slug":"guerande"}],"yoast_head":"<!-- This site is optimized with the Yoast SEO plugin v15.5 - https:\/\/yoast.com\/wordpress\/plugins\/seo\/ -->\n<title>Kem ngay va den - Bio Wink Vietnam<\/title>\n<meta name=\"description\" content=\"Kem d\u01b0\u1ee1ng da ch\u1ed1ng l\u00e3o h\u00f3a v\u00e0 d\u01b0\u1ee1ng \u1ea9m. D\u00e0nh cho da kh\u00f4 v\u00e0 tr\u01b0\u1edfng th\u00e0nh.\" \/>\n<meta name=\"robots\" content=\"index, follow, max-snippet:-1, max-image-preview:large, max-video-preview:-1\" \/>\n<link rel=\"canonical\" href=\"https:\/\/www.biowink.com.vn\/index.php\/produit\/kem-ngay-va-den\/\" \/>\n<meta property=\"og:locale\" content=\"en_GB\" \/>\n<meta property=\"og:type\" content=\"article\" \/>\n<meta property=\"og:title\" content=\"Kem ngay va den - Bio Wink Vietnam\" \/>\n<meta property=\"og:description\" content=\"Kem d\u01b0\u1ee1ng da ch\u1ed1ng l\u00e3o h\u00f3a v\u00e0 d\u01b0\u1ee1ng \u1ea9m. D\u00e0nh cho da kh\u00f4 v\u00e0 tr\u01b0\u1edfng th\u00e0nh.\" \/>\n<meta property=\"og:url\" content=\"https:\/\/www.biowink.com.vn\/index.php\/produit\/kem-ngay-va-den\/\" \/>\n<meta property=\"og:site_name\" content=\"Bio Wink Vietnam\" \/>\n<meta property=\"article:publisher\" content=\"https:\/\/www.facebook.com\/biowinkvn\/\" \/>\n<meta property=\"article:modified_time\" content=\"2020-02-22T08:52:58+00:00\" \/>\n<meta property=\"og:image\" content=\"https:\/\/www.biowink.com.vn\/wp-content\/uploads\/2019\/11\/019320-019350-soin-JNetuit-HD.jpg\" \/>\n\t<meta property=\"og:image:width\" content=\"1800\" \/>\n\t<meta property=\"og:image:height\" content=\"2000\" \/>\n<meta name=\"twitter:card\" content=\"summary_large_image\" \/>\n<meta name=\"twitter:label1\" content=\"Estimated reading time\">\n\t<meta name=\"twitter:data1\" content=\"0 minutes\">\n<script type=\"application\/ld+json\" class=\"yoast-schema-graph\">{\"@context\":\"https:\/\/schema.org\",\"@graph\":[{\"@type\":\"Organization\",\"@id\":\"https:\/\/www.biowink.com.vn\/#organization\",\"name\":\"Bio Wink Vi\\u1ec7t Nam\",\"url\":\"https:\/\/www.biowink.com.vn\/\",\"sameAs\":[\"https:\/\/www.facebook.com\/biowinkvn\/\",\"https:\/\/www.instagram.com\/biowinkinvietnam\"],\"logo\":{\"@type\":\"ImageObject\",\"@id\":\"https:\/\/www.biowink.com.vn\/#logo\",\"inLanguage\":\"en-GB\",\"url\":\"https:\/\/www.biowink.com.vn\/wp-content\/uploads\/2019\/10\/logo-biowink-VN-KR.jpg\",\"width\":1600,\"height\":1600,\"caption\":\"Bio Wink Vi\\u1ec7t Nam\"},\"image\":{\"@id\":\"https:\/\/www.biowink.com.vn\/#logo\"}},{\"@type\":\"WebSite\",\"@id\":\"https:\/\/www.biowink.com.vn\/#website\",\"url\":\"https:\/\/www.biowink.com.vn\/\",\"name\":\"Bio Wink Vietnam\",\"description\":\"\",\"publisher\":{\"@id\":\"https:\/\/www.biowink.com.vn\/#organization\"},\"potentialAction\":[{\"@type\":\"SearchAction\",\"target\":\"https:\/\/www.biowink.com.vn\/?s={search_term_string}\",\"query-input\":\"required name=search_term_string\"}],\"inLanguage\":\"en-GB\"},{\"@type\":\"ImageObject\",\"@id\":\"https:\/\/www.biowink.com.vn\/index.php\/produit\/kem-ngay-va-den\/#primaryimage\",\"inLanguage\":\"en-GB\",\"url\":\"https:\/\/www.biowink.com.vn\/wp-content\/uploads\/2019\/11\/019320-019350-soin-JNetuit-HD.jpg\",\"width\":1800,\"height\":2000,\"caption\":\"Kem ch\\u0103m s\\u00f3c da m\\u1eb7t cho ng\\u00e0y v\\u00e0 \\u0111\\u00eam\"},{\"@type\":\"WebPage\",\"@id\":\"https:\/\/www.biowink.com.vn\/index.php\/produit\/kem-ngay-va-den\/#webpage\",\"url\":\"https:\/\/www.biowink.com.vn\/index.php\/produit\/kem-ngay-va-den\/\",\"name\":\"Kem ngay va den - Bio Wink Vietnam\",\"isPartOf\":{\"@id\":\"https:\/\/www.biowink.com.vn\/#website\"},\"primaryImageOfPage\":{\"@id\":\"https:\/\/www.biowink.com.vn\/index.php\/produit\/kem-ngay-va-den\/#primaryimage\"},\"datePublished\":\"1969-12-31T23:00:00+00:00\",\"dateModified\":\"2020-02-22T08:52:58+00:00\",\"description\":\"Kem d\\u01b0\\u1ee1ng da ch\\u1ed1ng l\\u00e3o h\\u00f3a v\\u00e0 d\\u01b0\\u1ee1ng \\u1ea9m. D\\u00e0nh cho da kh\\u00f4 v\\u00e0 tr\\u01b0\\u1edfng th\\u00e0nh.\",\"inLanguage\":\"en-GB\",\"potentialAction\":[{\"@type\":\"ReadAction\",\"target\":[\"https:\/\/www.biowink.com.vn\/index.php\/produit\/kem-ngay-va-den\/\"]}]}]}<\/script>\n<!-- \/ Yoast SEO plugin. -->","_links":{"self":[{"href":"https:\/\/www.biowink.com.vn\/index.php\/wp-json\/wp\/v2\/product\/2172"}],"collection":[{"href":"https:\/\/www.biowink.com.vn\/index.php\/wp-json\/wp\/v2\/product"}],"about":[{"href":"https:\/\/www.biowink.com.vn\/index.php\/wp-json\/wp\/v2\/types\/product"}],"replies":[{"embeddable":true,"href":"https:\/\/www.biowink.com.vn\/index.php\/wp-json\/wp\/v2\/comments?post=2172"}],"wp:featuredmedia":[{"embeddable":true,"href":"https:\/\/www.biowink.com.vn\/index.php\/wp-json\/wp\/v2\/media\/2573"}],"wp:attachment":[{"href":"https:\/\/www.biowink.com.vn\/index.php\/wp-json\/wp\/v2\/media?parent=2172"}],"curies":[{"name":"wp","href":"https:\/\/api.w.org\/{rel}","templated":true}]}}