{"id":2369,"date":"1970-01-01T00:00:00","date_gmt":"1969-12-31T23:00:00","guid":{"rendered":"http:\/\/www.biowink.com.vn\/?post_type=product&#038;p=2346"},"modified":"2020-05-20T11:00:04","modified_gmt":"2020-05-20T09:00:04","slug":"calci-vital-k2-d3-60-vien","status":"publish","type":"product","link":"https:\/\/www.biowink.com.vn\/index.php\/produit\/calci-vital-k2-d3-60-vien\/","title":{"rendered":"Calci Vital K2-D3 &#8211; 60 vien."},"content":{"rendered":"<p>Vit D3 : 133 UI\/MU\u00a0 \u00a0 \u00a0 Vit K2 : 22.5 mcg\/MU<\/p>\n<h4>X\u01b0\u01a1ng h\u1ee3p nh\u1ea5t t\u1eeb \u200b\u200bn\u0103m m\u01b0\u01a1i tu\u1ed5i<\/h4>\n<p>VITAMIN D3 c\u00f3 \u1edf \u0111\u00e2y v\u1edbi VITAMIN K2, c\u0169ng r\u1ea5t qu\u00fd cho s\u1ef1 \u0111\u1ed3ng h\u00f3a t\u1ed1t c\u1ee7a CALCIUM v\u00e0 ph\u1ed1t pho. V\u1edbi b\u1ed9 \u0111\u00f4i VITAMIN n\u00e0y v\u00e0 m\u1ed9t li\u1ec1u r\u1eafn CALCIUM pidolate (800 mg) \u0111\u01b0\u1ee3c b\u1ed5 sung Magi\u00ea Bisglycinate, Calci Vital + r\u1ea5t d\u1ec5 \u0111\u1ed3ng h\u00f3a. N\u00f3 r\u1ea5t ph\u00f9 h\u1ee3p \u0111\u1ec3 \u0111\u00e1p \u1ee9ng nhu c\u1ea7u c\u1ee7ng c\u1ed1 x\u01b0\u01a1ng t\u1eeb n\u0103m m\u01b0\u01a1i tu\u1ed5i.<\/p>\n<p>1-6 vi\u00ean \/ ng\u00e0y<\/p>\n<p>60 vi\u00ean<\/p>\n","protected":false},"excerpt":{"rendered":"<p>Vit D3 : 133 UI\/MU\u00a0 \u00a0 \u00a0 Vit K2 : 22.5 mcg\/MU X\u01b0\u01a1ng h\u1ee3p nh\u1ea5t t\u1eeb \u200b\u200bn\u0103m m\u01b0\u01a1i tu\u1ed5i VITAMIN D3 c\u00f3 \u1edf \u0111\u00e2y v\u1edbi VITAMIN K2, c\u0169ng r\u1ea5t qu\u00fd cho s\u1ef1 \u0111\u1ed3ng h\u00f3a t\u1ed1t c\u1ee7a CALCIUM v\u00e0 ph\u1ed1t pho. V\u1edbi b\u1ed9 \u0111\u00f4i VITAMIN n\u00e0y v\u00e0 m\u1ed9t li\u1ec1u r\u1eafn CALCIUM pidolate (800 mg) \u0111\u01b0\u1ee3c b\u1ed5 &hellip; <\/p>\n","protected":false},"featured_media":2916,"comment_status":"open","ping_status":"closed","template":"","meta":[],"brands":[{"id":93,"name":"Be-life","slug":"be_life"}],"yoast_head":"<!-- This site is optimized with the Yoast SEO plugin v15.5 - https:\/\/yoast.com\/wordpress\/plugins\/seo\/ -->\n<title>Calci Vital K2-D3 - 60 vien. - Bio Wink Vietnam<\/title>\n<meta name=\"robots\" content=\"index, follow, max-snippet:-1, max-image-preview:large, max-video-preview:-1\" \/>\n<link rel=\"canonical\" href=\"https:\/\/www.biowink.com.vn\/index.php\/produit\/calci-vital-k2-d3-60-vien\/\" \/>\n<meta property=\"og:locale\" content=\"en_GB\" \/>\n<meta property=\"og:type\" content=\"article\" \/>\n<meta property=\"og:title\" content=\"Calci Vital K2-D3 - 60 vien. - Bio Wink Vietnam\" \/>\n<meta property=\"og:description\" content=\"Vit D3 : 133 UI\/MU\u00a0 \u00a0 \u00a0 Vit K2 : 22.5 mcg\/MU X\u01b0\u01a1ng h\u1ee3p nh\u1ea5t t\u1eeb \u200b\u200bn\u0103m m\u01b0\u01a1i tu\u1ed5i VITAMIN D3 c\u00f3 \u1edf \u0111\u00e2y v\u1edbi VITAMIN K2, c\u0169ng r\u1ea5t qu\u00fd cho s\u1ef1 \u0111\u1ed3ng h\u00f3a t\u1ed1t c\u1ee7a CALCIUM v\u00e0 ph\u1ed1t pho. V\u1edbi b\u1ed9 \u0111\u00f4i VITAMIN n\u00e0y v\u00e0 m\u1ed9t li\u1ec1u r\u1eafn CALCIUM pidolate (800 mg) \u0111\u01b0\u1ee3c b\u1ed5 &hellip;\" \/>\n<meta property=\"og:url\" content=\"https:\/\/www.biowink.com.vn\/index.php\/produit\/calci-vital-k2-d3-60-vien\/\" \/>\n<meta property=\"og:site_name\" content=\"Bio Wink Vietnam\" \/>\n<meta property=\"article:publisher\" content=\"https:\/\/www.facebook.com\/biowinkvn\/\" \/>\n<meta property=\"article:modified_time\" content=\"2020-05-20T09:00:04+00:00\" \/>\n<meta property=\"og:image\" content=\"https:\/\/www.biowink.com.vn\/wp-content\/uploads\/1970\/01\/calci-vital-k2-d3-60-gel-pf01606.png\" \/>\n\t<meta property=\"og:image:width\" content=\"1566\" \/>\n\t<meta property=\"og:image:height\" content=\"1566\" \/>\n<meta name=\"twitter:card\" content=\"summary_large_image\" \/>\n<meta name=\"twitter:label1\" content=\"Estimated reading time\">\n\t<meta name=\"twitter:data1\" content=\"0 minutes\">\n<script type=\"application\/ld+json\" class=\"yoast-schema-graph\">{\"@context\":\"https:\/\/schema.org\",\"@graph\":[{\"@type\":\"Organization\",\"@id\":\"https:\/\/www.biowink.com.vn\/#organization\",\"name\":\"Bio Wink Vi\\u1ec7t Nam\",\"url\":\"https:\/\/www.biowink.com.vn\/\",\"sameAs\":[\"https:\/\/www.facebook.com\/biowinkvn\/\",\"https:\/\/www.instagram.com\/biowinkinvietnam\"],\"logo\":{\"@type\":\"ImageObject\",\"@id\":\"https:\/\/www.biowink.com.vn\/#logo\",\"inLanguage\":\"en-GB\",\"url\":\"https:\/\/www.biowink.com.vn\/wp-content\/uploads\/2019\/10\/logo-biowink-VN-KR.jpg\",\"width\":1600,\"height\":1600,\"caption\":\"Bio Wink Vi\\u1ec7t Nam\"},\"image\":{\"@id\":\"https:\/\/www.biowink.com.vn\/#logo\"}},{\"@type\":\"WebSite\",\"@id\":\"https:\/\/www.biowink.com.vn\/#website\",\"url\":\"https:\/\/www.biowink.com.vn\/\",\"name\":\"Bio Wink Vietnam\",\"description\":\"\",\"publisher\":{\"@id\":\"https:\/\/www.biowink.com.vn\/#organization\"},\"potentialAction\":[{\"@type\":\"SearchAction\",\"target\":\"https:\/\/www.biowink.com.vn\/?s={search_term_string}\",\"query-input\":\"required name=search_term_string\"}],\"inLanguage\":\"en-GB\"},{\"@type\":\"ImageObject\",\"@id\":\"https:\/\/www.biowink.com.vn\/index.php\/produit\/calci-vital-k2-d3-60-vien\/#primaryimage\",\"inLanguage\":\"en-GB\",\"url\":\"https:\/\/www.biowink.com.vn\/wp-content\/uploads\/1970\/01\/calci-vital-k2-d3-60-gel-pf01606.png\",\"width\":1566,\"height\":1566},{\"@type\":\"WebPage\",\"@id\":\"https:\/\/www.biowink.com.vn\/index.php\/produit\/calci-vital-k2-d3-60-vien\/#webpage\",\"url\":\"https:\/\/www.biowink.com.vn\/index.php\/produit\/calci-vital-k2-d3-60-vien\/\",\"name\":\"Calci Vital K2-D3 - 60 vien. - Bio Wink Vietnam\",\"isPartOf\":{\"@id\":\"https:\/\/www.biowink.com.vn\/#website\"},\"primaryImageOfPage\":{\"@id\":\"https:\/\/www.biowink.com.vn\/index.php\/produit\/calci-vital-k2-d3-60-vien\/#primaryimage\"},\"datePublished\":\"1969-12-31T23:00:00+00:00\",\"dateModified\":\"2020-05-20T09:00:04+00:00\",\"inLanguage\":\"en-GB\",\"potentialAction\":[{\"@type\":\"ReadAction\",\"target\":[\"https:\/\/www.biowink.com.vn\/index.php\/produit\/calci-vital-k2-d3-60-vien\/\"]}]}]}<\/script>\n<!-- \/ Yoast SEO plugin. -->","_links":{"self":[{"href":"https:\/\/www.biowink.com.vn\/index.php\/wp-json\/wp\/v2\/product\/2369"}],"collection":[{"href":"https:\/\/www.biowink.com.vn\/index.php\/wp-json\/wp\/v2\/product"}],"about":[{"href":"https:\/\/www.biowink.com.vn\/index.php\/wp-json\/wp\/v2\/types\/product"}],"replies":[{"embeddable":true,"href":"https:\/\/www.biowink.com.vn\/index.php\/wp-json\/wp\/v2\/comments?post=2369"}],"wp:featuredmedia":[{"embeddable":true,"href":"https:\/\/www.biowink.com.vn\/index.php\/wp-json\/wp\/v2\/media\/2916"}],"wp:attachment":[{"href":"https:\/\/www.biowink.com.vn\/index.php\/wp-json\/wp\/v2\/media?parent=2369"}],"curies":[{"name":"wp","href":"https:\/\/api.w.org\/{rel}","templated":true}]}}