{"id":3440,"date":"2020-01-03T05:40:13","date_gmt":"2020-01-03T04:40:13","guid":{"rendered":"http:\/\/www.biowink.com.vn\/?post_type=product&#038;p=3440"},"modified":"2021-03-25T05:47:24","modified_gmt":"2021-03-25T04:47:24","slug":"sua-lam-dep-co-the-giu-am-va-tai-tao-185-ml","status":"publish","type":"product","link":"https:\/\/www.biowink.com.vn\/index.php\/produit\/sua-lam-dep-co-the-giu-am-va-tai-tao-185-ml\/","title":{"rendered":"s\u1eefa l\u00e0m \u0111\u1eb9p c\u01a1 th\u1ec3 &#8211; gi\u1eef \u1ea9m v\u00e0 t\u00e1i t\u1ea1o 185 ml"},"content":{"rendered":"<p>s\u1eefa l\u00e0m \u0111\u1eb9p c\u01a1 th\u1ec3 &#8211; gi\u1eef \u1ea9m v\u00e0 t\u00e1i t\u1ea1o 185 ml<br \/>\nGi\u1eef \u1ea9m v\u00e0 h\u1ed3i ph\u1ee5c. N\u00f3 th\u00e2m nh\u1eadp nhanh ch\u00f3ng \u0111\u1ec3 l\u1ea1i l\u00e0n da d\u1ebbo dai v\u00e0 b\u00e3o h\u00f2a.<\/p>\n","protected":false},"excerpt":{"rendered":"<p>s\u1eefa l\u00e0m \u0111\u1eb9p c\u01a1 th\u1ec3 &#8211; gi\u1eef \u1ea9m v\u00e0 t\u00e1i t\u1ea1o 185 ml Gi\u1eef \u1ea9m v\u00e0 h\u1ed3i ph\u1ee5c. N\u00f3 th\u00e2m nh\u1eadp nhanh ch\u00f3ng \u0111\u1ec3 l\u1ea1i l\u00e0n da d\u1ebbo dai v\u00e0 b\u00e3o h\u00f2a.<\/p>\n","protected":false},"featured_media":2762,"comment_status":"open","ping_status":"closed","template":"","meta":[],"brands":[{"id":35,"name":"Guerande","slug":"guerande"}],"yoast_head":"<!-- This site is optimized with the Yoast SEO plugin v15.5 - https:\/\/yoast.com\/wordpress\/plugins\/seo\/ -->\n<title>s\u1eefa l\u00e0m \u0111\u1eb9p c\u01a1 th\u1ec3 - gi\u1eef \u1ea9m v\u00e0 t\u00e1i t\u1ea1o 185 ml - Bio Wink Vietnam<\/title>\n<meta name=\"description\" content=\"s\u1eefa l\u00e0m \u0111\u1eb9p c\u01a1 th\u1ec3 - gi\u1eef \u1ea9m v\u00e0 t\u00e1i t\u1ea1o 185 mlGi\u1eef \u1ea9m v\u00e0 h\u1ed3i ph\u1ee5c. N\u00f3 th\u00e2m nh\u1eadp nhanh ch\u00f3ng \u0111\u1ec3 l\u1ea1i l\u00e0n da d\u1ebbo dai v\u00e0 b\u00e3o h\u00f2a.\" \/>\n<meta name=\"robots\" content=\"index, follow, max-snippet:-1, max-image-preview:large, max-video-preview:-1\" \/>\n<link rel=\"canonical\" href=\"https:\/\/www.biowink.com.vn\/index.php\/produit\/sua-lam-dep-co-the-giu-am-va-tai-tao-185-ml\/\" \/>\n<meta property=\"og:locale\" content=\"en_GB\" \/>\n<meta property=\"og:type\" content=\"article\" \/>\n<meta property=\"og:title\" content=\"s\u1eefa l\u00e0m \u0111\u1eb9p c\u01a1 th\u1ec3 - gi\u1eef \u1ea9m v\u00e0 t\u00e1i t\u1ea1o 185 ml - Bio Wink Vietnam\" \/>\n<meta property=\"og:description\" content=\"s\u1eefa l\u00e0m \u0111\u1eb9p c\u01a1 th\u1ec3 - gi\u1eef \u1ea9m v\u00e0 t\u00e1i t\u1ea1o 185 mlGi\u1eef \u1ea9m v\u00e0 h\u1ed3i ph\u1ee5c. N\u00f3 th\u00e2m nh\u1eadp nhanh ch\u00f3ng \u0111\u1ec3 l\u1ea1i l\u00e0n da d\u1ebbo dai v\u00e0 b\u00e3o h\u00f2a.\" \/>\n<meta property=\"og:url\" content=\"https:\/\/www.biowink.com.vn\/index.php\/produit\/sua-lam-dep-co-the-giu-am-va-tai-tao-185-ml\/\" \/>\n<meta property=\"og:site_name\" content=\"Bio Wink Vietnam\" \/>\n<meta property=\"article:publisher\" content=\"https:\/\/www.facebook.com\/biowinkvn\/\" \/>\n<meta property=\"article:modified_time\" content=\"2021-03-25T04:47:24+00:00\" \/>\n<meta property=\"og:image\" content=\"https:\/\/www.biowink.com.vn\/wp-content\/uploads\/2019\/11\/lait-de-beaute.png\" \/>\n\t<meta property=\"og:image:width\" content=\"800\" \/>\n\t<meta property=\"og:image:height\" content=\"800\" \/>\n<meta name=\"twitter:card\" content=\"summary_large_image\" \/>\n<meta name=\"twitter:label1\" content=\"Estimated reading time\">\n\t<meta name=\"twitter:data1\" content=\"0 minutes\">\n<script type=\"application\/ld+json\" class=\"yoast-schema-graph\">{\"@context\":\"https:\/\/schema.org\",\"@graph\":[{\"@type\":\"Organization\",\"@id\":\"https:\/\/www.biowink.com.vn\/#organization\",\"name\":\"Bio Wink Vi\\u1ec7t Nam\",\"url\":\"https:\/\/www.biowink.com.vn\/\",\"sameAs\":[\"https:\/\/www.facebook.com\/biowinkvn\/\",\"https:\/\/www.instagram.com\/biowinkinvietnam\"],\"logo\":{\"@type\":\"ImageObject\",\"@id\":\"https:\/\/www.biowink.com.vn\/#logo\",\"inLanguage\":\"en-GB\",\"url\":\"https:\/\/www.biowink.com.vn\/wp-content\/uploads\/2019\/10\/logo-biowink-VN-KR.jpg\",\"width\":1600,\"height\":1600,\"caption\":\"Bio Wink Vi\\u1ec7t Nam\"},\"image\":{\"@id\":\"https:\/\/www.biowink.com.vn\/#logo\"}},{\"@type\":\"WebSite\",\"@id\":\"https:\/\/www.biowink.com.vn\/#website\",\"url\":\"https:\/\/www.biowink.com.vn\/\",\"name\":\"Bio Wink Vietnam\",\"description\":\"\",\"publisher\":{\"@id\":\"https:\/\/www.biowink.com.vn\/#organization\"},\"potentialAction\":[{\"@type\":\"SearchAction\",\"target\":\"https:\/\/www.biowink.com.vn\/?s={search_term_string}\",\"query-input\":\"required name=search_term_string\"}],\"inLanguage\":\"en-GB\"},{\"@type\":\"ImageObject\",\"@id\":\"https:\/\/www.biowink.com.vn\/index.php\/produit\/sua-lam-dep-co-the-giu-am-va-tai-tao-185-ml\/#primaryimage\",\"inLanguage\":\"en-GB\",\"url\":\"https:\/\/www.biowink.com.vn\/wp-content\/uploads\/2019\/11\/lait-de-beaute.png\",\"width\":800,\"height\":800,\"caption\":\"s\\u1eefa l\\u00e0m \\u0111\\u1eb9p\"},{\"@type\":\"WebPage\",\"@id\":\"https:\/\/www.biowink.com.vn\/index.php\/produit\/sua-lam-dep-co-the-giu-am-va-tai-tao-185-ml\/#webpage\",\"url\":\"https:\/\/www.biowink.com.vn\/index.php\/produit\/sua-lam-dep-co-the-giu-am-va-tai-tao-185-ml\/\",\"name\":\"s\\u1eefa l\\u00e0m \\u0111\\u1eb9p c\\u01a1 th\\u1ec3 - gi\\u1eef \\u1ea9m v\\u00e0 t\\u00e1i t\\u1ea1o 185 ml - Bio Wink Vietnam\",\"isPartOf\":{\"@id\":\"https:\/\/www.biowink.com.vn\/#website\"},\"primaryImageOfPage\":{\"@id\":\"https:\/\/www.biowink.com.vn\/index.php\/produit\/sua-lam-dep-co-the-giu-am-va-tai-tao-185-ml\/#primaryimage\"},\"datePublished\":\"2020-01-03T04:40:13+00:00\",\"dateModified\":\"2021-03-25T04:47:24+00:00\",\"description\":\"s\\u1eefa l\\u00e0m \\u0111\\u1eb9p c\\u01a1 th\\u1ec3 - gi\\u1eef \\u1ea9m v\\u00e0 t\\u00e1i t\\u1ea1o 185 mlGi\\u1eef \\u1ea9m v\\u00e0 h\\u1ed3i ph\\u1ee5c. N\\u00f3 th\\u00e2m nh\\u1eadp nhanh ch\\u00f3ng \\u0111\\u1ec3 l\\u1ea1i l\\u00e0n da d\\u1ebbo dai v\\u00e0 b\\u00e3o h\\u00f2a.\",\"inLanguage\":\"en-GB\",\"potentialAction\":[{\"@type\":\"ReadAction\",\"target\":[\"https:\/\/www.biowink.com.vn\/index.php\/produit\/sua-lam-dep-co-the-giu-am-va-tai-tao-185-ml\/\"]}]}]}<\/script>\n<!-- \/ Yoast SEO plugin. -->","_links":{"self":[{"href":"https:\/\/www.biowink.com.vn\/index.php\/wp-json\/wp\/v2\/product\/3440"}],"collection":[{"href":"https:\/\/www.biowink.com.vn\/index.php\/wp-json\/wp\/v2\/product"}],"about":[{"href":"https:\/\/www.biowink.com.vn\/index.php\/wp-json\/wp\/v2\/types\/product"}],"replies":[{"embeddable":true,"href":"https:\/\/www.biowink.com.vn\/index.php\/wp-json\/wp\/v2\/comments?post=3440"}],"wp:featuredmedia":[{"embeddable":true,"href":"https:\/\/www.biowink.com.vn\/index.php\/wp-json\/wp\/v2\/media\/2762"}],"wp:attachment":[{"href":"https:\/\/www.biowink.com.vn\/index.php\/wp-json\/wp\/v2\/media?parent=3440"}],"curies":[{"name":"wp","href":"https:\/\/api.w.org\/{rel}","templated":true}]}}