{"id":347,"date":"2019-10-12T08:37:29","date_gmt":"2019-10-12T06:37:29","guid":{"rendered":"http:\/\/www.biowink.com.vn\/?post_type=product&#038;p=347"},"modified":"2020-02-27T08:38:22","modified_gmt":"2020-02-27T07:38:22","slug":"surdouee","status":"publish","type":"product","link":"https:\/\/www.biowink.com.vn\/index.php\/produit\/surdouee\/","title":{"rendered":"Surdou\u00e9e"},"content":{"rendered":"<p>H\u1ed7n h\u1ee3p d\u1ea7u kh\u00f4 t\u1ef1 nhi\u00ean<\/p>\n<p>v\u1edbi m\u1ed9t m\u00f9i h\u01b0\u01a1ng tinh t\u1ebf<br \/>\nNu\u00f4i d\u01b0\u1ee1ng &amp; t\u0103ng c\u01b0\u1eddng<br \/>\nH\u1ea5p th\u1ee5 nhanh &amp; kh\u00f4ng nh\u1eddn<br \/>\nHo\u00e0n h\u1ea3o cho b\u00e0 m\u1eb9 t\u01b0\u01a1ng lai<\/p>\n<h3>S\u1ef0 MI\u00caU T\u1ea2<\/h3>\n<p>T\u0103ng c\u01b0\u1eddng &#8211; c\u00f3 l\u1ee3i &#8211; nu\u00f4i d\u01b0\u1ee1ng<br \/>\nM\u1ed9t h\u1ed7n h\u1ee3p c\u1ee7a 9 lo\u1ea1i d\u1ea7u kh\u00f4 t\u1ef1 nhi\u00ean k\u1ebft h\u1ee3p \u0111\u1ec3 gi\u00fap ng\u0103n ng\u1eeba s\u1ef1 h\u00ecnh th\u00e0nh c\u00e1c v\u1ebft r\u1ea1n da.<br \/>\nV\u1edbi omega 3, 6 v\u00e0 9 \u0111\u1ec3 c\u1ee7ng c\u1ed1 c\u1ea5u tr\u00fac v\u00e0 \u0111\u1ed9 \u0111\u00e0n h\u1ed3i c\u1ee7a da do \u0111\u00f3 ng\u0103n ng\u1eeba s\u1ef1 h\u00ecnh th\u00e0nh c\u00e1c v\u1ebft r\u1ea1n da.<br \/>\nH\u01b0\u01a1ng th\u01a1m ngon v\u00e0 nh\u1eb9 c\u1ee7a n\u00f3 \u0111\u01b0\u1ee3c thi\u1ebft k\u1ebf \u0111\u1eb7c bi\u1ec7t \u0111\u1ec3 mong \u0111\u1ee3i m\u1eb9 nh\u1ea1y c\u1ea3m v\u1edbi m\u00f9i.<br \/>\nKh\u1ea3 n\u0103ng th\u1ea5m h\u00fat nhanh ch\u00f3ng c\u1ee7a n\u00f3 cho ph\u00e9p b\u1ea1n \u0103n m\u1eb7c ngay l\u1eadp t\u1ee9c.<\/p>\n<h3>\u1ee8ng d\u1ee5ng:<\/h3>\n<p>L\u1eafc tr\u01b0\u1edbc khi s\u1eed d\u1ee5ng<br \/>\nCh\u1ec9 c\u1ea7n m\u1ed9t l\u01b0\u1ee3ng nh\u1ecf d\u1ea7u.<br \/>\nNh\u1eb9 nh\u00e0ng tr\u00ean b\u1ee5ng, ng\u1ef1c v\u00e0 \u0111\u00f9i c\u1ee7a b\u1ea1n.<br \/>\nM\u1ed9t dab l\u00e0 \u0111\u1ee7 cho m\u1ed7i \u1ee9ng d\u1ee5ng.<br \/>\nS\u1eed d\u1ee5ng hai l\u1ea7n m\u1ed9t ng\u00e0y, trong su\u1ed1t thai k\u1ef3 c\u1ee7a b\u1ea1n v\u00e0 cho \u0111\u1ebfn 4 th\u00e1ng sau khi sinh.<\/p>\n<p>100ml &#8211; 3,4 fl.oz &#8211; 1 \u0111\u1ebfn 2 th\u00e1ng s\u1eed d\u1ee5ng<br \/>\n\uf0b7 100% t\u1ed5ng s\u1ed1 th\u00e0nh ph\u1ea7n c\u00f3 ngu\u1ed3n g\u1ed1c t\u1ef1 nhi\u00ean<br \/>\n\u2022 99,5% t\u1ed5ng s\u1ed1 th\u00e0nh ph\u1ea7n b\u1eaft ngu\u1ed3n t\u1eeb canh t\u00e1c h\u1eefu c\u01a1 c\u00f3 ki\u1ec3m so\u00e1t<br \/>\nKh\u00f4ng c\u00f3 tinh d\u1ea7u<br \/>\n\u2022 Kh\u00f4ng c\u00f3 ch\u1ea5t b\u1ea3o qu\u1ea3n ho\u1eb7c th\u00e0nh ph\u1ea7n c\u00f3 h\u1ea1i<br \/>\nKi\u1ec3m tra da li\u1ec5u<br \/>\n\u2022 th\u00edch h\u1ee3p \u0111\u1ec3 s\u1eed d\u1ee5ng trong th\u1eddi gian cho con b\u00fa<\/p>\n<p>Lo\u1ea1i s\u1ea3n ph\u1ea9m: D\u1ea7u c\u01a1 th\u1ec3<br \/>\nLo\u1ea1i da: Da kh\u1eaft khe, D\u00e0nh cho m\u1ecdi lo\u1ea1i da, Da kh\u00f4<br \/>\nN\u1ed9i dung c\u1ee7a Ethos: Vegan<br \/>\nN\u01b0\u1edbc hoa: H\u1ea1nh nh\u00e2n<\/p>\n<h3>\nTH\u00c0NH PH\u1ea6N<\/h3>\n<p>Sesamum Indicatorum (Sesame) Seed Oil, Simmondsia Chinensis (Jojoba) Oil Seed, Prunus Domestica Seed Oil, Prunus Armeniaca (Apricot) Kernel Oil, Aloe Barbadensis (Aloe) Powder Juice Powder, Argania Spinosa (Argan) D\u1ea7u hoa anh th\u1ea3o, D\u1ea7u h\u1ea1t l\u1ea1c \u0111\u00e0 Satina, D\u1ea7u h\u1ea1t c\u00e2y orago Officinalis (B Storage), D\u1ea7u h\u1ea1t Carthamus Tinctorius (Safflower), D\u1ea7u Tocopherol, Glycine Soja (\u0110\u1eadu n\u00e0nh)<br \/>\n1. t\u1eeb n\u00f4ng nghi\u1ec7p h\u1eefu c\u01a1<\/p>\n","protected":false},"excerpt":{"rendered":"<p>H\u1ed7n h\u1ee3p d\u1ea7u kh\u00f4 t\u1ef1 nhi\u00ean v\u1edbi m\u1ed9t m\u00f9i h\u01b0\u01a1ng tinh t\u1ebf Nu\u00f4i d\u01b0\u1ee1ng &amp; t\u0103ng c\u01b0\u1eddng H\u1ea5p th\u1ee5 nhanh &amp; kh\u00f4ng nh\u1eddn Ho\u00e0n h\u1ea3o cho b\u00e0 m\u1eb9 t\u01b0\u01a1ng lai S\u1ef0 MI\u00caU T\u1ea2 T\u0103ng c\u01b0\u1eddng &#8211; c\u00f3 l\u1ee3i &#8211; nu\u00f4i d\u01b0\u1ee1ng M\u1ed9t h\u1ed7n h\u1ee3p c\u1ee7a 9 lo\u1ea1i d\u1ea7u kh\u00f4 t\u1ef1 nhi\u00ean k\u1ebft h\u1ee3p \u0111\u1ec3 gi\u00fap &hellip; <\/p>\n","protected":false},"featured_media":90,"comment_status":"open","ping_status":"closed","template":"","meta":[],"brands":[{"id":38,"name":"Omum","slug":"omum_me_bau_my_pham"}],"yoast_head":"<!-- This site is optimized with the Yoast SEO plugin v15.5 - https:\/\/yoast.com\/wordpress\/plugins\/seo\/ -->\n<title>Surdou\u00e9e - Bio Wink Vietnam<\/title>\n<meta name=\"robots\" content=\"index, follow, max-snippet:-1, max-image-preview:large, max-video-preview:-1\" \/>\n<link rel=\"canonical\" href=\"https:\/\/www.biowink.com.vn\/index.php\/produit\/surdouee\/\" \/>\n<meta property=\"og:locale\" content=\"en_GB\" \/>\n<meta property=\"og:type\" content=\"article\" \/>\n<meta property=\"og:title\" content=\"Surdou\u00e9e - Bio Wink Vietnam\" \/>\n<meta property=\"og:description\" content=\"H\u1ed7n h\u1ee3p d\u1ea7u kh\u00f4 t\u1ef1 nhi\u00ean v\u1edbi m\u1ed9t m\u00f9i h\u01b0\u01a1ng tinh t\u1ebf Nu\u00f4i d\u01b0\u1ee1ng &amp; t\u0103ng c\u01b0\u1eddng H\u1ea5p th\u1ee5 nhanh &amp; kh\u00f4ng nh\u1eddn Ho\u00e0n h\u1ea3o cho b\u00e0 m\u1eb9 t\u01b0\u01a1ng lai S\u1ef0 MI\u00caU T\u1ea2 T\u0103ng c\u01b0\u1eddng &#8211; c\u00f3 l\u1ee3i &#8211; nu\u00f4i d\u01b0\u1ee1ng M\u1ed9t h\u1ed7n h\u1ee3p c\u1ee7a 9 lo\u1ea1i d\u1ea7u kh\u00f4 t\u1ef1 nhi\u00ean k\u1ebft h\u1ee3p \u0111\u1ec3 gi\u00fap &hellip;\" \/>\n<meta property=\"og:url\" content=\"https:\/\/www.biowink.com.vn\/index.php\/produit\/surdouee\/\" \/>\n<meta property=\"og:site_name\" content=\"Bio Wink Vietnam\" \/>\n<meta property=\"article:publisher\" content=\"https:\/\/www.facebook.com\/biowinkvn\/\" \/>\n<meta property=\"article:modified_time\" content=\"2020-02-27T07:38:22+00:00\" \/>\n<meta property=\"og:image\" content=\"https:\/\/www.biowink.com.vn\/wp-content\/uploads\/2019\/09\/surdouee_omum.png\" \/>\n\t<meta property=\"og:image:width\" content=\"600\" \/>\n\t<meta property=\"og:image:height\" content=\"685\" \/>\n<meta name=\"twitter:card\" content=\"summary_large_image\" \/>\n<meta name=\"twitter:label1\" content=\"Estimated reading time\">\n\t<meta name=\"twitter:data1\" content=\"2 minutes\">\n<script type=\"application\/ld+json\" class=\"yoast-schema-graph\">{\"@context\":\"https:\/\/schema.org\",\"@graph\":[{\"@type\":\"Organization\",\"@id\":\"https:\/\/www.biowink.com.vn\/#organization\",\"name\":\"Bio Wink Vi\\u1ec7t Nam\",\"url\":\"https:\/\/www.biowink.com.vn\/\",\"sameAs\":[\"https:\/\/www.facebook.com\/biowinkvn\/\",\"https:\/\/www.instagram.com\/biowinkinvietnam\"],\"logo\":{\"@type\":\"ImageObject\",\"@id\":\"https:\/\/www.biowink.com.vn\/#logo\",\"inLanguage\":\"en-GB\",\"url\":\"https:\/\/www.biowink.com.vn\/wp-content\/uploads\/2019\/10\/logo-biowink-VN-KR.jpg\",\"width\":1600,\"height\":1600,\"caption\":\"Bio Wink Vi\\u1ec7t Nam\"},\"image\":{\"@id\":\"https:\/\/www.biowink.com.vn\/#logo\"}},{\"@type\":\"WebSite\",\"@id\":\"https:\/\/www.biowink.com.vn\/#website\",\"url\":\"https:\/\/www.biowink.com.vn\/\",\"name\":\"Bio Wink Vietnam\",\"description\":\"\",\"publisher\":{\"@id\":\"https:\/\/www.biowink.com.vn\/#organization\"},\"potentialAction\":[{\"@type\":\"SearchAction\",\"target\":\"https:\/\/www.biowink.com.vn\/?s={search_term_string}\",\"query-input\":\"required name=search_term_string\"}],\"inLanguage\":\"en-GB\"},{\"@type\":\"ImageObject\",\"@id\":\"https:\/\/www.biowink.com.vn\/index.php\/produit\/surdouee\/#primaryimage\",\"inLanguage\":\"en-GB\",\"url\":\"https:\/\/www.biowink.com.vn\/wp-content\/uploads\/2019\/09\/surdouee_omum.png\",\"width\":600,\"height\":685,\"caption\":\"surdouee\"},{\"@type\":\"WebPage\",\"@id\":\"https:\/\/www.biowink.com.vn\/index.php\/produit\/surdouee\/#webpage\",\"url\":\"https:\/\/www.biowink.com.vn\/index.php\/produit\/surdouee\/\",\"name\":\"Surdou\\u00e9e - Bio Wink Vietnam\",\"isPartOf\":{\"@id\":\"https:\/\/www.biowink.com.vn\/#website\"},\"primaryImageOfPage\":{\"@id\":\"https:\/\/www.biowink.com.vn\/index.php\/produit\/surdouee\/#primaryimage\"},\"datePublished\":\"2019-10-12T06:37:29+00:00\",\"dateModified\":\"2020-02-27T07:38:22+00:00\",\"inLanguage\":\"en-GB\",\"potentialAction\":[{\"@type\":\"ReadAction\",\"target\":[\"https:\/\/www.biowink.com.vn\/index.php\/produit\/surdouee\/\"]}]}]}<\/script>\n<!-- \/ Yoast SEO plugin. -->","_links":{"self":[{"href":"https:\/\/www.biowink.com.vn\/index.php\/wp-json\/wp\/v2\/product\/347"}],"collection":[{"href":"https:\/\/www.biowink.com.vn\/index.php\/wp-json\/wp\/v2\/product"}],"about":[{"href":"https:\/\/www.biowink.com.vn\/index.php\/wp-json\/wp\/v2\/types\/product"}],"replies":[{"embeddable":true,"href":"https:\/\/www.biowink.com.vn\/index.php\/wp-json\/wp\/v2\/comments?post=347"}],"wp:featuredmedia":[{"embeddable":true,"href":"https:\/\/www.biowink.com.vn\/index.php\/wp-json\/wp\/v2\/media\/90"}],"wp:attachment":[{"href":"https:\/\/www.biowink.com.vn\/index.php\/wp-json\/wp\/v2\/media?parent=347"}],"curies":[{"name":"wp","href":"https:\/\/api.w.org\/{rel}","templated":true}]}}